 the remainder when 22 is divided by f(-12)?
1
Let x(y) = -558*y + 39. What is the remainder when x(-1) is divided by 40?
37
What is the remainder when 108 is divided by -1 - -14 - (-69 + 72)?
8
Let v(j) = 15*j**3 - j + 2. Let w be -2 - (5 + -1)*-3. What is the remainder when ((-24)/w)/(6/(-75)) is divided by v(1)?
14
Let w(g) = g**2 + 5*g - 6. Let a = -1 + -5. Let z be w(a). Suppose 3*k + 8 = -5*m, 4*k - 3*m - 2*m - 36 = z. Calculate the remainder when 6 is divided by k.
2
Let s = 0 + -7. Let b(z) = -2*z + 5. Calculate the remainder when b(s) is divided by (-28)/(-6)*6/4.
5
Let i = -49 + 46. Suppose q + 5*l = -15, l - 2 = -4*q - 5. What is the remainder when 24 - (i + q - -4) is divided by 5?
3
Let z be (-1 - -1)/(2*-1). Suppose -5*c + c + 324 = z. What is the remainder when c is divided by (-6 - -2)*-1 + 0 + 17?
18
Suppose 505 = 12*k + 37. Calculate the remainder when k is divided by 10.
9
Suppose -3*m - 14 + 99 = 5*u, -3*m + 79 = 2*u. Let c = -8 + m. Let g = 82 + -49. Calculate the remainder when g is divided by c.
16
Let c(a) = 62*a - 170. What is the remainder when 1558 is divided by c(4)?
76
Let w(a) = -a**3 - 7*a**2 + 3*a + 23. Let r be w(-7). Calculate the remainder when 92 is divided by 19 - ((-5)/(-1) - r).
12
Let b(k) = 2*k**2 + 3*k. Let q be b(-2). Suppose -q*l = -g + 2, 5*g + 3*l - 46 = l. Suppose g*u + 144 = 11*u. What is the remainder when u is divided by 25?
23
Let c = -676 - -1010. Calculate the remainder when c is divided by 16.
14
Suppose 109 = g + 32. Calculate the remainder when g is divided by 60.
17
Let m(f) = f**2 - f - 1. Suppose w = 4 + 2. Calculate the remainder when m(-3) is divided by w.
5
Suppose -4*h + 2*z = -148, -z = -5*h + 94 + 97. Let y(p) = 19*p**2 - 4*p - 2. Calculate the remainder when h is divided by y(-1).
18
Suppose 0 = -4264*w + 4249*w + 210. Let t = 1 + -2. What is the remainder when ((-3)/(-4))/(t/(-52)) is divided by w?
11
What is the remainder when ((-944)/40)/(68/(-20) - -3) is divided by 7?
3
Let y(j) = j**2 + 5*j + 7. Let t be ((-16)/(-20))/(4/10). Suppose -t = 5*c - 47. Calculate the remainder when c is divided by y(-4).
0
Let m(y) be the third derivative of -y**5/20 - y**4/24 - y**3/2 - 5*y**2. Let t be m(-3). Let v = t + 31. What is the remainder when v is divided by 2?
0
Let o be (144/(-45))/(1/5). Let x = o + 16. Let s(f) = -2*f + 10. What is the remainder when s(x) is divided by 6?
4
Let p = -212 - -292. Calculate the remainder when p is divided by 12.
8
Suppose -32 = -x - 22. Calculate the remainder when x is divided by 4.
2
Let l(r) = -2*r + 40. Let y be l(11). Let b = 62 - y. What is the remainder when 306 is divided by b?
42
Let f = -24 + 39. Calculate the remainder when 8*(4 - f/(-2)) is divided by 19.
16
Let t be (7 - -90) + 1 + 0. Suppose -t = -13*o + 6*o. Calculate the remainder when o is divided by 8.
6
Calculate the remainder when 1397 - 0/3 - 9 is divided by 48.
44
Let v = 60 + -19. What is the remainder when v is divided by (8/6)/(13/((-702)/204) + 4)?
5
Suppose 2*y - 3*y + 4 = 0. Suppose 0*p - 103 = -3*q + p, 0 = -y*p - 16. What is the remainder when q is divided by 17?
16
What is the remainder when 278 is divided by 11/44 - (-1589)/28?
50
Let s(o) = o**3 + 5*o**2 - o - 7. Let u be s(-5). Let h(b) = 20*b - 2. Let k be h(9). Calculate the remainder when k/8 + u/8 is divided by 12.
10
Let i = 4 + -15. Let d = i - -15. What is the remainder when d/((-4)/1)*-35 is divided by 9?
8
Let g be (-6)/(3 + (-33)/9). Let l = g + -7. Let y = -6 - -12. What is the remainder when y is divided by l?
0
Suppose -4*b + 2 + 2 = 0, -4*j + 2*b = -66. Let t be (-6)/9*(-3)/2. What is the remainder when (-2 - t) + -6 + j is divided by 3?
2
Let a(c) = 5 - c**3 - 21*c - 4 + 1 + 14*c - 8*c**2. What is the remainder when a(-8) is divided by 10?
8
Let w be ((-54)/(-4))/(1/4). Let y = 567 - 552. Calculate the remainder when (w/y)/(3/10) is divided by 7.
5
Suppose 19*v - 24*v = h - 115, 3*v - 97 = 5*h. What is the remainder when v is divided by (-4)/((-36)/(-15))*-3?
4
Suppose -15*i + 3*h - 53 = -19*i, 3*i + h = 41. What is the remainder when 52 is divided by i?
10
Suppose 103 = -2*y + 13. Let l = 101 + y. Calculate the remainder when l is divided by 20.
16
Suppose 2*x = -49 + 127. Suppose -3*m + 7*m - 899 = 5*g, m - 221 = 2*g. What is the remainder when m is divided by x?
36
Suppose 5*b = -2*p + 4, 5*p + 4*b - 39 = 5. Let z be 6/p + 27/6. Calculate the remainder when 25 is divided by 8 + 2 + -6 + z.
7
Suppose 0 = 3*s - 321 + 147. Suppose 2*y - 2*c - 6 - 28 = 0, -5*c = -15. Calculate the remainder when s is divided by y.
18
Let g(k) = 6*k**2 - 5*k - 10. Suppose -2*n = 3*s - 0*s - 100, 0 = -5*n - s + 276. What is the remainder when n is divided by g(3)?
27
Let i(v) = v**2 - 2*v + 4. Let t be i(0). Suppose -4*o = -t*j + 16, o - 4*o + 4 = j. What is the remainder when j is divided by 1?
0
Let a = -175 - -208. Calculate the remainder when a is divided by 19.
14
Suppose 2*i - 8 = -20. Let r = -5 - i. What is the remainder when 42 is divided by r + 1 + -4 + 13?
9
Let f(j) be the third derivative of -j**6/120 + 2*j**5/15 + j**4/6 - j**3/6 - j**2. Calculate the remainder when 61 is divided by f(8).
30
Let y be (-3)/(-4) + 51/(-68). Suppose 0 = 4*s + 2*a - 132, -4*s + 2*a + 0*a + 140 = y. Calculate the remainder when s is divided by 19.
15
Let i = -37 + 40. What is the remainder when 23 is divided by 4*5/(10/i)?
5
Let k(a) = a**3 - 11*a**2 - 13*a + 14. Let t be k(12). Suppose 7*d - 4*d - t*r = 32, 2 = r. Calculate the remainder when d is divided by 5.
2
Let q(o) = 36*o - 410. Calculate the remainder when q(15) is divided by 18.
4
Let s(n) = n**3 + 6*n**2 - 2*n - 1. Suppose -11*v = -3*v - 248. What is the remainder when v is divided by s(-6)?
9
Suppose 0 = -4*c - 4 - 0. Let p be c*(-5)/(5/(-18)). What is the remainder when 17 is divided by (-81)/(-12) + p/24?
5
Let a(v) = -2*v + 178. Calculate the remainder when a(-47) is divided by 21.
20
Suppose -2*b + 6*b - 2*s + 548 = 0, 5*b = -s - 692. Calculate the remainder when b/(-30) + -5 - 537/(-5) is divided by 22.
19
Let b(h) be the first derivative of -3 + 3/2*h**2 + 7*h. Calculate the remainder when b(3) is divided by 6.
4
Let z(n) = 3*n + 12. Let p be z(8). Let b = -16 + p. What is the remainder when b is divided by 6 + 0 + 1 + 0?
6
Let z = -1967 + 1982. Suppose 5*u - 577 = -3*h, -3*u - u = -2*h + 392. What is the remainder when h is divided by z?
14
Suppose 270 = w + w. What is the remainder when w is divided by 4/(-5) - (-348)/10?
33
Let s(t) = 30*t - 192. Calculate the remainder when 69 is divided by s(7).
15
Suppose -25*u + 9*u = -304. Calculate the remainder when 63 is divided by u.
6
Suppose 0 = -14*p + 11*p - 54. Calculate the remainder when (-688)/p + (-4)/18 is divided by 8.
6
Suppose 16 = 4*f + 3*v + v, -4 = -4*v. Calculate the remainder when 24 is divided by 69/46*10/f.
4
Let f(g) = g**3 + 9*g**2 - 10*g - 21. Let d be f(-10). Let a = -5 - d. What is the remainder when a is divided by 7?
2
Suppose -261 = -20*n + 159. What is the remainder when 100 is divided by n?
16
Let y = 1971 + -1954. What is the remainder when 24 is divided by y?
7
Suppose 3*s - 143 = 13. Suppose -w + s = 10. Calculate the remainder when w is divided by (-2)/5 - 57/(-5).
9
Suppose 4*i - 477 = 3*s - 0*s, 3*s = -3*i + 363. What is the remainder when i is divided by 29?
4
Let z(f) = f**2 + 6. Let m be 294/36 + 1/(-6). Suppose -m + 4 = -x. What is the remainder when z(x) is divided by 8?
6
Let w(d) = -d**2 + 22*d + 29. Let u(h) = -13*h - 3. Let a be u(-2). What is the remainder when 17 is divided by w(a)?
5
Let a(j) = -22*j - 243. What is the remainder when a(-25) is divided by 28?
27
Suppose 0 = -4*u - 8, -4*p + 4*u = u - 130. Let t = -105 - -190. Suppose 3*j = -p + t. What is the remainder when j is divided by 5?
3
Let h = -86 + 51. Let q be 2/10 - (-287)/h. Let g = 10 - q. Calculate the remainder when 52 is divided by g.
16
Suppose -5*w + 70 = -2*x - 122, -3*x - 3 = 0. What is the remainder when 71 is divided by w?
33
Let k(u) = -u**3 + 25*u**2 - 23*u - 19. Let x be k(24). Suppose -x*d + 5*l + 115 = -430, 5*d - l - 525 = 0. What is the remainder when d is divided by 15?
14
Let m be -5*(0 - -1)*-1. Suppose 4*w + 22 = -m*k + 105, 2*k = 2*w + 26. Let y = 46 + -4. What is the remainder wh